8 and t?
2
Suppose 39 = -5*p - 11. Let v = p + 21. What is the greatest common divisor of 11 and v?
11
Let y be ((-88)/14)/((-114)/(-42) - 3). Calculate the greatest common divisor of y and 2563.
11
Let z be (-4)/3*(-630)/12. Let q be (3 - 1)*(-4)/((-16)/z). Calculate the greatest common divisor of 14 and q.
7
Let f be ((-1624)/(-40))/(5/25). What is the highest common factor of 7 and f?
7
Let u be ((-260)/15)/((-4)/12). Suppose -u = -0*q - 2*q. What is the greatest common factor of 104 and q?
26
Suppose 3*n = 2*r + 52, -n - 2*r - 15 + 19 = 0. Let u be (4/3)/(3/252). What is the greatest common factor of n and u?
14
Let p(l) = -2*l**2 - 41*l - 176. Let h be p(-8). Calculate the highest common divisor of h and 384.
24
Let y(s) = -s**2 - 21*s + 21. Let q be y(-22). Let j be (4/(-2))/(q - 5)*24. What is the greatest common factor of j and 1?
1
Suppose -8*x + 3*x = -780. Suppose 0*q = -2*a + 3*q + 66, -5*a = -3*q - x. What is the greatest common factor of a and 10?
10
Let z = -17 - -43. Suppose 3*i = 7 + z. Calculate the highest common factor of 187 and i.
11
Suppose -2*u + 4*l = -110, 5*u - 335 = -5*l - 0*l. Calculate the greatest common divisor of 21 and u.
21
Let f = 46 - 28. Suppose 3*u = 10 + 5. Let d(j) = 2*j**2 - 2*j - 4. Let s be d(u). What is the highest common factor of s and f?
18
Suppose -3*m - 2*q + 57 = 0, -q + 6 = -2*m + 44. What is the greatest common divisor of m and 19?
19
Let u(d) = 10*d**3 - d**2 + d. Let t be u(1). Let p(k) = -12*k - 4. Let o be p(-6). Let q be 2/9 + o/18. Calculate the greatest common divisor of q and t.
2
Suppose 4*m - 9 = -2*l + 1, -17 = -3*l - 5*m. Let d be ((-9)/3 + 15)*(-5)/(-2). Suppose -6*q + l*q - d = 0. Calculate the greatest common divisor of 100 and q.
10
Suppose 3*l - 87 = 75. Let r(c) = 2*c**3 - 3*c**2 + 2. Let v be r(2). Calculate the highest common divisor of v and l.
6
Suppose 4*w - w = 9, -3*b + w = -33. Let m(r) = -r**3 + 7*r**2 + 2*r + 10. Let t be m(7). Calculate the greatest common divisor of b and t.
12
Let h(g) = 6*g - 24. Let k be h(6). Let z = 247 - 459. Let o be (-4)/(-6) - z/6. Calculate the greatest common divisor of k and o.
12
Let i be (-6)/(22/20 - 1). Let d be (-3 + 1)/(24/i). Suppose d*w - 20 = w. What is the highest common factor of 10 and w?
5
Let t(i) = -4*i - 3. Let q be t(-5). Let o = -13308 + 13325. Calculate the highest common divisor of q and o.
17
Let b be (1 - (-3)/(-4))/(1/24). What is the greatest common divisor of b and 3?
3
Let p = -17 - -25. Let g = -5 + p. Suppose 0 = 5*c + g*l - 225, -l = -4*c + l + 202. What is the greatest common factor of 120 and c?
24
Suppose 0 = -4*h + 7*h. Suppose 3*x - 99 - 141 = h. What is the greatest common factor of x and 20?
20
Let t = 28 + -28. Let a be (90 + 0 - t)/1. What is the greatest common factor of 18 and a?
18
Suppose 3*f = 3*o + 2022, -8*o = -5*f + 1656 + 1726. What is the greatest common factor of f and 20?
10
Let h = -23 - -25. Let u be 3 + -2 - (2 - 77*h). Calculate the greatest common factor of 17 and u.
17
Suppose -n - 3*n - 45 = f, 0 = f + 1. Let g = -11 - n. Suppose g = -0*j - 4*j + 128. Calculate the greatest common divisor of 80 and j.
16
Let k = -33 - -37. Let u(r) = r**3 - 6*r**2 + 6*r + 9. Let h be u(k). What is the greatest common divisor of h and 8?
1
Suppose 20*m - 34 = -2*h + 22*m, h - 10*m - 62 = 0. What is the highest common divisor of h and 48?
12
Let v(k) = -7*k - 3. Let x(f) = -6*f - 2. Let i(h) = 4*v(h) - 5*x(h). Let q be (8/3)/(2/3). Let p be i(q). Calculate the greatest common factor of 60 and p.
6
Suppose 2*s = 2, -3*x - 5*s = -9*s - 14. Calculate the greatest common divisor of x and 86.
2
Let l(w) = -17*w - 19. Let v be l(-17). Calculate the highest common divisor of 45 and v.
45
Suppose 2*s = 3*t - t - 8, 2*s + 5 = -t. Suppose 14 = 2*x + 12. Suppose -x + 12 = 3*r + 4*g, -3*g = -2*r + 30. What is the greatest common divisor of t and r?
1
Let n = -31 - -41. Let k(j) = -j**3 + 4*j**2 - 2*j - 4. Let p be k(3). Let m be 3 + (-1 - (p - -1)). What is the highest common factor of m and n?
2
Suppose 77 = -2*p - 123. Let r = p + 142. Calculate the highest common divisor of r and 14.
14
Suppose -142*s + 145*s - 63 = 0. Suppose -9*m + 240 = -s. Suppose -2*t = -7*t + j + 728, t = 5*j + 160. What is the greatest common divisor of t and m?
29
Let x(p) = 11*p - p**3 + 3*p**3 - 9*p**2 - p**3. Let j be x(9). Let m = 26 - 17. Calculate the greatest common factor of j and m.
9
Let s(k) = -k**3 - 6*k**2 - 3*k - 7. Suppose -3*a = -4*a + 18. Suppose -6*i + 3*i = a. Let t be s(i). Calculate the highest common divisor of 88 and t.
11
Let d = 131 + -71. Calculate the highest common divisor of d and 156.
12
Suppose -4*o + 3*d + 88 = 0, -16*d + 15*d - 23 = -o. What is the highest common factor of 133 and o?
19
Let n = 3693 + -1963. Calculate the highest common divisor of 10 and n.
10
Suppose 735 + 765 = 25*m. Let t = -5 + 7. Suppose -r + 2*y + 42 = 16, -6 = t*y. Calculate the highest common divisor of m and r.
20
Suppose -1097 = -37*j + 975. Calculate the greatest common factor of 1288 and j.
56
Let s be 10/25 - (-6)/(-15). Let p = s + 2. Suppose 0 = -g - 0*g + p. Calculate the greatest common divisor of 2 and g.
2
Suppose 0 = 5*d + 15, 20*b - 5*d + 21 = 23*b. What is the greatest common divisor of 364 and b?
4
Let q be (15/(-30))/((-13)/6 + 2). Suppose 3*r - 25 = 4*f - 2, -q*r + 28 = f. What is the highest common divisor of 1 and r?
1
Let f(t) = -18*t**2 - 1601*t + 129. Let v be f(-89). Suppose 3*z - z = 16. What is the greatest common divisor of v and z?
8
Let p(n) = -9*n + 65. Let u be p(5). What is the highest common divisor of 95 and u?
5
Let c(k) = 2*k - 9. Let a be c(10). Let o(p) = -p**3 + 11*p**2 + 3*p + 3. Let q be o(a). What is the greatest common divisor of 9 and q?
9
Let s(c) = 6*c**3 + c**2 + 20. Let k be s(4). What is the greatest common factor of 12 and k?
12
Suppose 5*z - 4 = 2*u - 34, 46 = 5*u + 2*z. Calculate the greatest common divisor of 5 and u.
5
Let p(y) = 16*y + 10. Let g(q) = 33*q + 20. Let a(x) = -3*g(x) + 5*p(x). Let f be a(-10). Suppose -c = c - f. What is the highest common divisor of c and 18?
18
Suppose -5 = -g + 7. Let o = 163 - 67. What is the greatest common divisor of g and o?
12
Let v be ((-18)/5)/((-210)/1575). Calculate the highest common factor of v and 549.
9
Let a be -2 + 3/1 - 1. Suppose 5*x - 127 = 83. Suppose -m - 3*r + x = -0*m, a = -2*m + 5*r + 40. What is the highest common divisor of 12 and m?
6
Suppose -2*t - 32 = 28. Let i be (t/(-1))/(4/2). What is the greatest common factor of i and 10?
5
Let q = -30 - -56. Let s = q - 21. Let n be 3/(-12) - (-442)/8. Calculate the greatest common divisor of s and n.
5
Suppose 230 = -2*m + 7*m. Let u = -35 + m. Calculate the highest common factor of u and 77.
11
Let n be ((-62)/2)/(6/(-42)). What is the highest common divisor of 31 and n?
31
Let l be 131 - ((-10)/15 - 10/3). Calculate the greatest common factor of l and 90.
45
Let u(g) = 5*g - 3. Let x be u(2). Let p be (8 - 1) + (-2 - 2) + x. Let j = 43 + 27. What is the highest common factor of j and p?
10
Let v(z) be the first derivative of z**3/3 + 5*z + 11. Let q be v(0). What is the greatest common divisor of 50 and q?
5
Suppose 4*t + 276 = 7*t. Suppose -t - 20 = -4*a. Calculate the highest common divisor of a and 4.
4
Suppose 5*i = y + 534, -4*y = -0*y - 4. Suppose i = -5*t + 127. Calculate the greatest common factor of 4 and t.
4
Suppose -2*s = 2*s + 144. Let j be 4/(-1) + s/(-4). Suppose -24 = -k - 2*g, -k + g - j = -14. What is the greatest common divisor of k and 56?
14
Suppose -2*s - 5*q = -s - 139, 0 = 5*s + 2*q - 603. What is the highest common divisor of s and 1071?
119
Let l(q) = 31 + 5*q + q - 7*q - 5*q. Let b be l(4). What is the highest common divisor of 91 and b?
7
Let u be (-8)/(-5) + (-4)/(-10). Let q be -4 + -3 - -4 - -9. Suppose 0 = -h - 2*g + q, u*g + 1 = 3*g. What is the highest common factor of h and 36?
4
Let c(a) be the third derivative of a**4/8 - 7*a**3/3 + 3*a**2. Let y be c(5). What is the highest common divisor of 11 and y?
1
Suppose 1440 = 12*u - 2*u. Calculate the greatest common divisor of u and 18.
18
Suppose 30 = -332*k + 337*k. What is the greatest common divisor of 372 and k?
6
Suppose 8*m = -0*m. Suppose m = -t - 2*y + 40, 11 = -3*t - 2*y +